 + 236 = 0. What are the prime factors of l?
7
Let n be (-4)/3*(-9)/6. What are the prime factors of (15/n)/((-15)/(-20))?
2, 5
Let i = -2 - -40. List the prime factors of i.
2, 19
Let o(q) = 7*q. Suppose 10 = -2*p, -p + 5*p + 17 = d. Let u be o(d). What are the prime factors of 116/14 - (-6)/u?
2
Let k(s) = 0 + 4*s - 3*s - 7 + s. What are the prime factors of k(6)?
5
Let k(c) = c**2 + 7*c + 2. Let n be k(-7). Suppose -n*a + 13 = -3. What are the prime factors of a?
2
Let a = -2 + -2. Let r = -2 - a. What are the prime factors of (-18)/(-2) + (r - 0)?
11
Let o be (-12)/3 + (6 - 2). Let y = -5 - -8. Suppose -9 = -y*n - o. What are the prime factors of n?
3
Suppose 0 = -3*n + 4*b - 11, 5*n - 5*b - 10 = -4*b. Let k be 2 + 1 - (-2 + n). Suppose r + k = 14. List the prime factors of r.
2, 3
Let i = 72 + -39. List the prime factors of i.
3, 11
Suppose 2*g = -f + 303, -3*g + 444 = 5*f - 0*f. What are the prime factors of g?
3, 17
Let l = 1 + 3. Let b be (1 - 3)/l*-12. Let i = b + -3. What are the prime factors of i?
3
Suppose -38*g = -50*g + 2364. List the prime factors of g.
197
List the prime factors of 4/(-14) - (-541)/7.
7, 11
Suppose 5*n = -4*w + 2*w + 82, 2*w - 5*n - 62 = 0. Suppose 3*s - w = -4*x, -4*x - 76 = -5*s + s. List the prime factors of s.
2
What are the prime factors of 0/(-1) + (-235)/(-5)?
47
Let k(h) = h**3 - 6*h**2 + 7*h. Suppose -o + 5*r = 4*r - 6, 0 = o + 4*r - 6. List the prime factors of k(o).
2, 3, 7
Suppose 5*h - 15 = 0, -2*g + 2*h + 937 = -155. Let m = g - 220. What are the prime factors of 2/(-3) + m/21?
3, 5
Let q(w) = -w**3 + 7*w**2 + 7*w - 2. What are the prime factors of q(7)?
47
Suppose -4*o + 67 = -1. Let v = o + -2. List the prime factors of v.
3, 5
Let j be (-260)/(-28) + 8/(-28). What are the prime factors of 160/j + 2/9?
2, 3
Let b = -37 + 64. Suppose -4*c - b = -7*l + 2*l, l - 3*c - 12 = 0. Suppose -l = z - 6. What are the prime factors of z?
3
Let m(s) = 3*s**2 - s - 3. Let r be m(6). Suppose -r - 46 = -5*n. What are the prime factors of n?
29
List the prime factors of 2/((-472)/(-156) + -3).
2, 3, 13
Let d = 2 + 40. Let j = 12 + d. Suppose -6 = 3*t - j. What are the prime factors of t?
2
Let q(a) = a + 4. Let c be q(-4). Suppose -3*f + l = -f - 17, 4*f + l - 19 = c. List the prime factors of f.
2, 3
Let j(p) = p**2 + p - 5. Let g be j(-4). Suppose 10*v = 9*v + g. What are the prime factors of v?
7
Suppose 0 = -h + 28 + 1. Suppose c + 0*c - 4*i = h, 23 = 2*c - i. List the prime factors of c.
3
Let r be 0 + 142 + 3/3. Suppose 3*c = -5*s + 103, 5*c + s - r = c. Let i = c + -15. List the prime factors of i.
3, 7
Let l(q) = q**3 - 7*q**2 - 2*q + 5. Let g be l(6). Let z = -31 - g. Let c = 1 + z. What are the prime factors of c?
13
Suppose -5*s = 2*s - 735. List the prime factors of s.
3, 5, 7
Let r be ((-2)/4)/(2/8). What are the prime factors of (r/(-3))/(4/96)?
2
Suppose 0 = -13*d + 9*d + 728. What are the prime factors of d?
2, 7, 13
Let l(p) = -p**3 + 9*p**2 - 4*p - 27. List the prime factors of l(6).
3, 19
Suppose 3*h - 5*b - 61 = 0, 5*h - b + 4*b - 113 = 0. What are the prime factors of h?
2, 11
Let l(k) = -3*k - 11. Let s be l(-5). Suppose -28 = -s*r + 5*a, a = -r - 3*a + 7. What are the prime factors of r?
7
Let w(i) = 24*i + 59. What are the prime factors of w(14)?
5, 79
Suppose z - 4 - 2 = 0. Suppose -r + k = -z, 2*r + k - 22 = -r. List the prime factors of r.
7
Let v(t) = -2*t - 9. Let w be v(-7). Suppose w*a - 21 = -p, -p - p + 68 = -3*a. What are the prime factors of p?
31
Let b(t) = t**2 + 3*t + 8. List the prime factors of b(-4).
2, 3
Suppose 221 + 136 = 3*n - 3*f, 2*n + f = 226. Suppose -5 = 5*w + n. Let k = 34 + w. What are the prime factors of k?
2, 5
Suppose 5*h - 4 = 16. Suppose -i - 4 = 3*o, -h + 8 = -3*i - 5*o. Suppose 6 - 22 = -i*d. What are the prime factors of d?
2
Let o = -11 - 22. What are the prime factors of 8*(-2 - o/12)?
2, 3
Let f be -3*((-4)/(-2))/(-2). Let a be 58/18 - (-2)/(-9). Suppose -a*n = 2*p - 25, 3*n - 31 = f*p - 1. What are the prime factors of n?
3
Suppose 0*n = 3*n - 3*h - 3, 3*h + 3 = 0. Suppose n*j - 14 = -2*j. What are the prime factors of j?
7
Let a = -4 + 6. Suppose a*c + 16 = 3*p, 3*c - 10 = -3*p + 2*c. Suppose 0 = 3*k - 3*t - 9, -2*k - p*t + 11 = -1. List the prime factors of k.
2
Let r(i) = 10*i**3 + i. Let c be 9/(-6)*(-3 + 1). Suppose c = 3*t - 5*k, -k - k = -t + 1. What are the prime factors of r(t)?
11
Suppose 188 = 5*f - 267. List the prime factors of f.
7, 13
Suppose -4*x + 16 = -48. Suppose 0 = l - r + 1, -3*r + 3 = 2*l - 7*l. Suppose f - 5*b - x = l, b + b = -4*f + 20. What are the prime factors of f?
2, 3
Let k be 1869/(-14)*(-4)/6. Let m = -64 + k. List the prime factors of m.
5
Let m(a) = a**3 + 22*a**2 + 19*a + 21. What are the prime factors of m(-21)?
3, 7
Suppose -2*w + 1 = -3. Suppose -w*a = -24 + 8. What are the prime factors of a?
2
Let u = -4 + 4. Suppose z - 2*z + 1 = u. List the prime factors of z/(-2) + 27/6.
2
Suppose 2*s = -3*r + 2, -s + 0*r + 3*r + 10 = 0. Suppose u = s*u - 42. Suppose 4*c = -b + 19, b - u = -0*c - 3*c. What are the prime factors of c?
5
Let c = 2 - -8. Let x = 16 - c. What are the prime factors of x?
2, 3
Let y(q) = q - 5. Let i be y(6). Suppose 4*j + i = x - 29, 3*x - 5*j = 55. What are the prime factors of x?
2, 5
Suppose a = -2*a - 4*n + 404, 0 = 4*a - 3*n - 522. What are the prime factors of a?
2, 3, 11
Suppose -j = j + 4. Let p = 3 + j. Suppose d - p = 2. What are the prime factors of d?
3
Let f = 9 - -2. List the prime factors of f.
11
Let o(i) = -5*i - 2. Let f be o(2). Let r be (-30)/f + (-1)/(-2). Suppose -2*j - 9 = -r*j. What are the prime factors of j?
3
Let z(h) = 41*h - 10. What are the prime factors of z(4)?
2, 7, 11
Suppose 5*d = -0*d + 5, 5*a - 3*d + 18 = 0. Let y(j) = -5*j + 2. List the prime factors of y(a).
17
Let g(o) = -2*o**3 - 4*o**2 + 5*o + 9. List the prime factors of g(-6).
3, 89
Suppose 0*a + 3*a = -9. List the prime factors of 12 - a*(-1)/3.
11
Let o = -85 + 196. What are the prime factors of o?
3, 37
Let w be 14/(-4) - 2/(-4). Let q be w*(4/3 - 2). Suppose -q*z + 24 = -0*z. List the prime factors of z.
2, 3
Let u = -854 - -1302. List the prime factors of u.
2, 7
Let p(h) = -h**3 + 17*h**2 - 12*h - 3. List the prime factors of p(16).
61
Suppose -5*b + 4*b + 5*y = 8, 12 = b + 5*y. Suppose 0 = -4*d - 0*h + h + 53, b*d - h - 25 = 0. What are the prime factors of d?
2, 7
List the prime factors of (-4 - (-1)/1) + 24.
3, 7
Let z be (2/(-6))/(1/(-18)). Let g be 46/(z/(-3)) - 2. Let k = -10 - g. List the prime factors of k.
3, 5
Suppose o + 2 + 1 = 0, -2*b + o = -67. Suppose 7 - b = -5*z. List the prime factors of z.
5
Let x(t) be the first derivative of 9*t**2/2 - 2. Let v be x(-6). What are the prime factors of (-444)/v + (-2)/9?
2
Suppose -5*k + 25 + 0 = 0, 2*g - 4*k = -22. Let v(c) = 16*c**2 - c - 1. What are the prime factors of v(g)?
2
Suppose 18 = -0*b + 3*b. Suppose 2*h + 5*d = 6, -h + 3*h + d = b. Suppose -2*u + 0*u = -4*k + 8, -3*k = -h*u. What are the prime factors of k?
2
Suppose b - 5*v = 18, 0 = 3*v - 2*v + 3. Suppose -y + 0*y + 10 = z, b*z + 5*y = 34. Let r = z - 4. List the prime factors of r.
2
List the prime factors of (0 + -2)*39/(-3).
2, 13
Let c = 6 + -2. Suppose -c*j + j + 6 = 0. List the prime factors of j.
2
Let p = 81 - 45. What are the prime factors of p?
2, 3
Let n = -17 - -2. What are the prime factors of (-5)/n - 166/(-6)?
2, 7
Suppose 4*o = 3*o - 2*l, -o - 4*l - 4 = 0. Suppose -o*u + 9 = -11. What are the prime factors of u?
5
Suppose 0*k = 12*k - 1332. List the prime factors of k.
3, 37
Suppose -2*b + 0*b + 48 = 5*f, 3*f = 5*b + 35. List the prime factors of f.
2, 5
Let n(q) = q**3 - q**2 - 3*q - 4. Let s be n(3). Let a = s + -5. Let z = a - -5. What are the prime factors of z?
5
Suppose 4*o = 7*o + 5*m + 20, 3*o = 3*m - 36. Let l = o + 17. List the prime factors of l.
7
Suppose -19 = 5*a - 4*f, -2*f + 0 - 13 = 5*a. Let h = a + 5. What are the prime factors of h?
2
Suppose -3*r - 44 = r. Let z = r - -4. List the prime factors of z/14 - 11/(-2).
5
Suppose n + 2*n = -4*d + 9, -5*n = 5*d - 20. List the prime factors of n.
7
Let n(q) = -q**3 + q**2 + 2. Let m be n(0). Let y(d) = -d**2 - d**m + d**3 + 5 - 2*d - 5*d. List the prime factors of y(4).
3
Suppose 5*c = 2*t - 0*c